13?
19b50a
What is 144413 (base 10) in base 5?
14110123
Convert -786705 (base 12) to base 3.
-10121111111112
What is ea25 (base 16) in base 10?
59941
-2a86a79 (base 12) to base 7
-133264620
What is -12533116 (base 7) in base 5?
-243314140
What is -10441332234 (base 5) in base 15?
-10571e9
-ab783 (base 14) to base 13
-117370
What is 535440 (base 7) in base 12?
45b09
What is 135664 (base 9) in base 11?
57333
What is -1bdb90 (base 16) in base 6?
-103044120
401aa (base 16) to base 12
107b4a
145521352 (base 6) to base 5
1241340333
What is 1a238 (base 11) in base 8?
67112
Convert 21220020022 (base 3) to base 12.
75b5b
486344 (base 16) to base 4
102012031010
What is dadd8 (base 14) in base 13?
157085
5352370 (base 8) to base 16
15d4f8
Convert 1187538 (base 10) to base 3.
2020022222220
20212012101 (base 3) to base 5
13310020
2201332 (base 5) to base 10
37717
Convert 10221110002 (base 3) to base 4.
102330200
Convert -40652330 (base 7) to base 15.
-474b18
Convert -268611a (base 12) to base 14.
-102ca90
-175a5c (base 15) to base 13
-3088bc
What is -430421114 (base 5) in base 7?
-21251153
What is 142b6 (base 12) in base 10?
28074
What is -2101220000 (base 3) in base 15?
-e039
13886226 (base 9) to base 5
3232003412
Convert -2912 (base 11) to base 2.
-111010110100
What is 327947 (base 10) in base 3?
121122212012
-21110211100212 (base 3) to base 9
-7424325
f207 (base 16) to base 12
2ba33
Convert -7623122 (base 8) to base 5.
-1010311201
Convert -132439 (base 10) to base 6.
-2501051
Convert 3102525 (base 6) to base 13.
526c4
-136500 (base 15) to base 4
-3203230101
Convert -31c0 (base 14) to base 16.
-2194
220120505 (base 7) to base 15
125aa32
Convert -1011110110111011 (base 2) to base 14.
-139b5
Convert 10201212121112 (base 3) to base 10.
1985513
What is 805c31 (base 15) in base 5?
3030011441
Convert 6678867 (base 11) to base 2.
101100101010110110011000
-146216 (base 7) to base 2
-110111110100100
Convert 36b24 (base 13) to base 10.
100754
Convert 66560 (base 9) to base 16.
aca7
What is -384daa (base 16) in base 12?
-129b436
Convert 1111012302 (base 4) to base 2.
1010101000110110010
257aa2 (base 11) to base 16
631ba
6bb652 (base 13) to base 10
2567177
304600 (base 7) to base 2
1100101101110111
Convert 1101001010101011011 (base 2) to base 7.
3444606
-16156600 (base 7) to base 8
-5750031
19b9c2 (base 15) to base 10
1254332
10002102103 (base 4) to base 13
2b06cc
Convert 540454455 (base 6) to base 9.
18874878
What is 177bc0 (base 13) in base 8?
2175506
75a82 (base 16) to base 4
1311222002
What is -2319a1c (base 13) in base 6?
-1023505122
What is 3472d6 (base 16) in base 2?
1101000111001011010110
Convert 1764963 (base 10) to base 15.
24ce43
Convert 46c59 (base 13) to base 5.
13121103
Convert -3794108 (base 10) to base 5.
-1432402413
10200133310 (base 4) to base 7
13021100
What is -a1242 (base 12) in base 3?
-101122021112
Convert 2032020030 (base 4) to base 13.
174c93
21221122211 (base 3) to base 9
257584
Convert 1210213011 (base 4) to base 12.
17a599
What is 236244 (base 8) in base 3?
11010012020
What is 5725709 (base 11) in base 7?
151120346
What is 24330024 (base 5) in base 16?
3827e
What is -1030303143 (base 5) in base 3?
-11010122010102
Convert 2367541 (base 9) to base 3.
2102021121101
Convert 43ace2 (base 16) to base 14.
83645c
What is 1215113 (base 7) in base 10?
155438
Convert -2120231233 (base 4) to base 5.
-130004034
Convert 11211 (base 10) to base 7.
44454
Convert -2d364 (base 15) to base 10.
-145894
What is 211200000101202 (base 3) in base 12?
404b292
What is -50752650 (base 8) in base 5?
-10222041224
What is -10010010101100010 (base 2) in base 3?
-10211000201
What is 11110000111111 (base 2) in base 16?
3c3f
Convert eb86a (base 15) to base 13.
202492
What is -124451440 (base 6) in base 10?
-2464080
-401431 (base 6) to base 13
-1143a
What is 1391fe (base 16) in base 12?
51a27a
3230212 (base 4) to base 9
22684
306bb8 (base 14) to base 4
12032133332
23b4661 (base 12) to base 13
1596547
-213720 (base 12) to base 7
-4313331
Convert -135949 (base 13) to base 6.
-14021451
What is -6417153 (base 8) in base 9?
-3188034
Convert -100000110101110011010 (base 2) to base 4.
-10012232122
What is -22201112021 (base 3) in base 14?
-46804
Convert 27b6cc (base 13) to base 5.
221432422
Convert 1210121000221 (base 3) to base 11.
5a3681
What is -c2e9ca (base 15) in base 12?
-31287a7
13001210303 (base 4) to base 13
4c6229
What is -12398a6 (base 11) in base 2?
-1000001101000011111001
-206164 (base 8) to base 5
-4144344
Convert 360010 (base 8) to base 10.
122888
What is 10010121010 (base 3) in base 15?
13416
What is 110101010110110111000 (base 2) in base 5?
421422113
Convert 9e32 (base 15) to base 5.
2033242
What is -65ba81 (base 12) in base 7?
-16513630
-13ae2 (base 16) to base 15
-18d40
Convert 7a1346 (base 11) to base 9.
2353604
202022220002 (base 3) to base 11
2536a6
6465 (base 7) to base 9
3136
What is 1441251 (base 7) in base 3?
100220102200
What is -153256 (base 7) in base 15?
-8d3a
What is -da7a9 (base 15) in base 6?
-22511053
-21210313 (base 5) to base 14
-4925b
What is 125014 (base 12) in base 5?
34031320
200000402 (base 5) to base 12
318208
15c14 (base 13) to base 12
2009b
574415 (base 8) to base 13
6a8ab
What is -101011022121 (base 3) in base 14?
-52c42
What is -43c79 (base 13) in base 8?
-360123
What is 43b7b (base 15) in base 4?
310202300
6354530 (base 7) to base 15
103208
-1249aa4 (base 11) to base 2
-1000010000101100011010
3355123 (base 7) to base 3
210012020011
110020112001 (base 3) to base 4
322310311
What is -348463 (base 9) in base 16?
-332c4
Convert 23164 (base 9) to base 15.
489d
What is -4715347 (base 8) in base 3?
-2102021110122
-17054607 (base 9) to base 4
-200210302012
Convert -198a8a6 (base 12) to base 15.
-71ce13
Convert 20810 (base 9) to base 10.
13779
52c79f (base 16) to base 7
64053326
Convert 10333122011 (base 4) to base 7.
14056160
What is 100100100000010001 (base 2) in base 12?
72641
Convert -22201130 (base 5) to base 10.
-193915
What is 18287 (base 15) in base 10?
78202
-11011111101001001101001 (base 2) to base 3
-111210022121210
-2442a (base 11) to base 4
-20210302
10733717 (base 9) to base 4
103322013031
Convert 18920 (base 13) to base 12.
23718
-1061631 (base 7) to base 2
-100000011001101010
What is -1020122101020000 (base 3) in base 6?
-1435120000
What is 363968 (base 11) in base 10?
576155
Convert 14697 (base 11) to base 6.
240141
What is -103203302101 (base 4) in base 14?
-9767a9
Convert -5883d (base 15) to base 6.
-10013251
What is -210212001000222 (base 3) in base 8?
-54233035
848364 (base 9) to base 15
9e864
Convert -2212421 (base 5) to base 10.
-38486
Convert -1000100110110001001101 (base 2) to base 7.
-25114053
Convert -300503 (base 12) to base 9.
-1357883
Convert 270 (base 10) to base 5.
2040
-194431 (base 13) to base 8
-2335626
What is 21030535 (base 6) in base 5?
124014434
What is -2814045 (base 9) in base 3?
-2220111001112
Convert 12421044 (base 7) to base 14.
216394
Convert -243561 (base 11) to base 12.
-166bab
-116946 (base 10) to base 14
-30894
What is 1179843 (base 10) in base 7?
13012530
What is -4ca9a7 (base 16) in base 10?
-5024167
Convert -1241152 (base 7) to base 11.
-100203
-1504443 (base 7) to base 5
-23001113
Convert 10132342 (base 6) to base 14.
78690
What is 11000000011 (base 2) in base 4?
120003
102264 (base 9) to base 12
2b187
What is 20112120201 (base 3) in base 12?
625b4
What is 100144256 (base 7) in base 15?
796568
What is 233c99c (base 13) in base 2?
101001100000100010101010
-1b221 (base 12) to base 6
-505241
-26420 (base 8) to base 15
-3641
Convert 138718 (base 14) to base 10.
676418
-324141 (base 13) to base 9
-2187603
Convert 2120311020 (base 4) to base 5.
130012432
200021022 (base 3) to base 2
11010000000111
What is -2310106 (base 7) in base 14?
-7703d
What is -11001101111101101101 (base 2) in base 3?
-1120212020112
21240253 (base 6) to base 13
18c732
-170412 (base 9) to base 10
-105311
146012 (base 8) to base 13
1aa10
What is 4440002 (base 5) in base 7?
441645
What is -2049317 (base 10) in base 16?
-1f4525
Convert -5bac8 (base 13) to base 15.
-35051
Convert 11b51a2 (base 14) to base 8.
40341272
-240442452 (base 6) to base 3
-22111102121112
Convert -2113120 (base 4) to base 7.
-40150
-13622 (base 8) to